number?
True
Suppose 13 = i - 5*r - 0*r, -4*i - 44 = 4*r. Let n(v) = 0*v - 3*v**2 + 6*v**2 + 2 - v**2 + 7*v. Is n(i) prime?
False
Let a = 1868 + 1559. Is a a prime number?
False
Suppose 13*r - 15*r = -19930. Is r/6 + (-2)/(-12) prime?
False
Let g be ((3 - -1) + -297)*-1. Suppose 2*x + g = 3*n + 39, -230 = -3*n - 4*x. Is n composite?
True
Let g = 3647 - 2484. Is g prime?
True
Suppose -2*a - j = -1177, -a - 4*a - 3*j + 2944 = 0. Is a a prime number?
True
Is (-1 + 420/(-63))/(1/(-141)) prime?
False
Let y be (9/3)/(-3) - 2. Let g be y/(-1)*8/6. Suppose 138 + 170 = g*u. Is u prime?
False
Suppose -37 = 5*r + 3. Let w = r + 13. Suppose -4*x + 1554 = w*g - x, 3*x + 609 = 2*g. Is g a composite number?
True
Suppose 2244 + 2394 = 2*q. Is q a prime number?
False
Let b(o) = -1723*o + 156. Is b(-2) a composite number?
True
Let s = 147 + -22. Suppose -1107 - s = -4*r. Suppose -c - r = -5*c. Is c composite?
True
Suppose -119621 = -9*f + 141721. Is f a composite number?
True
Let q = 1971 + -1070. Is q a prime number?
False
Let v(t) be the first derivative of -4 + 4*t + 4*t**2 + 1/4*t**4 - 3*t**3. Is v(8) prime?
False
Let k(x) = 8*x + 0 + 0 + 6*x + 2 + 2*x**2. Is k(6) a composite number?
True
Suppose -4*x = -u + 1, 10*u - x = 5*u + 24. Suppose -k - 3*d + 217 = 0, 0 = -4*k + u*d + 905 - 37. Is k prime?
False
Let a = -2882 + 5380. Is a a composite number?
True
Let p be ((-24)/10)/(5/(-600)*1). Suppose d = p + 971. Is d a prime number?
True
Suppose 3183 = n - 11288. Is n a composite number?
True
Suppose -2*f - f + 4*r + 11426 = 0, 4*f + 4*r = 15272. Is f prime?
False
Suppose 3*t = -3, -2*u - u = -t - 13. Suppose -3*o + q + 1003 = 6*q, -2*q = -u. Is o a prime number?
True
Let z(m) = -388*m + 115. Is z(-16) a prime number?
True
Is 6/14 + (-3520920)/(-546) a prime number?
True
Let b = 10 + 8. Let a = b - 8. Suppose a = x - 15. Is x a composite number?
True
Let v = 0 - 7. Let b(c) = 2*c + 17. Let z be b(v). Suppose -3*m + 499 = -5*y, -3 = z*y + 12. Is m composite?
True
Let v = 612 + 515. Suppose -15*u - v = -43817. Is u a composite number?
True
Suppose -4*w + 0*w + 85 = -3*d, -5*w = -4*d - 105. Suppose w + 64 = z. Is z prime?
True
Let u = 94 + -107. Let b(i) = -3*i**3 - 10*i**2 + 13*i - 29. Is b(u) prime?
True
Suppose c = -u, 9 = -2*c + 2*u + 25. Suppose 2*o = c*o - 844. Is o a composite number?
True
Suppose -3707 - 5416 = -3*z. Is z composite?
False
Let y(b) = 138*b + 70. Is y(8) prime?
False
Let f(d) = -112*d**3 - 4*d**2 + 2*d + 27. Is f(-5) prime?
False
Suppose 5*x - 3*x - 4 = 0. Suppose n + 791 = -x*o + 5*o, 5*n = o - 245. Is o composite?
True
Suppose -m - 5 = -1. Let t be 2*-1*m/(-8). Is 2 + (-111)/t + 2 a prime number?
False
Let f(l) = -l + 16. Let r be (3/5)/(6/210). Suppose -31 = -4*q + r. Is f(q) prime?
True
Suppose -3*r + 548 + 10219 = 0. Is r a composite number?
True
Suppose 2*j - 82 = 4*i, 2*j + 0*j - 38 = 2*i. Let l = i - -12. Is 826/10 + (-4)/l prime?
True
Let a = 1 + 3. Suppose a*h - q - 4874 = 1153, 4*q = 5*h - 7520. Let v = h - 955. Is v composite?
True
Suppose 15*d = 72339 + 56796. Is d a prime number?
True
Let p(q) = q**2 - 6*q - 2. Let d be p(8). Let u = d + -12. Suppose -2*i + 4*i - 4*l = 110, -251 = -5*i - u*l. Is i prime?
False
Suppose 2*w = 4*j - 47604, 7 + 9 = 4*w. Is j composite?
False
Let o = 45 + -42. Suppose -y = -w - 1349, 7*w - 3*w - 4047 = -o*y. Is y prime?
False
Let d(w) = 33*w - 1. Let n be d(7). Suppose -4*o - 678 - n = 0. Let u = -72 - o. Is u a composite number?
True
Let s = 8478 + 9305. Is s a composite number?
False
Suppose 0 = 3*a - 3*h + 1746, -1136 = 2*a + 6*h - h. Let o = -376 - a. Is o composite?
True
Let d(g) = -g**3 - 15*g**2 + g + 31. Let o be d(-15). Is ((-8)/o)/((-3)/1014) a composite number?
True
Let r(k) = -k**3 + k**2 - 3*k - 5. Let j be r(-4). Suppose -b - 8 = -j. Is b a prime number?
True
Is 4/(-1) + 29390/5 + 5 a prime number?
True
Let c(v) = -14*v + 27971. Is c(0) a composite number?
True
Suppose -26*u + 139145 + 60249 = 0. Is u composite?
False
Let b(c) = 244*c + 5. Let z be b(-7). Let h be 2 - -2 - z - 4. Suppose -3*q + 964 = -h. Is q prime?
False
Let v = -891 - -2609. Suppose -5*i - 2*l + v = 2*l, 6 = -2*l. Is i a composite number?
True
Suppose s - 6*s = -20. Let n be (-5 + s)*(-1629)/3. Suppose 0*j - n = -3*j. Is j a prime number?
True
Let i = -289 - -1210. Is i a prime number?
False
Let y be 6/3*(-18)/(-4). Let u be ((-12)/y)/(2/15). Is (-6)/u + (-322)/(-5) a prime number?
False
Suppose 5*s = o - 13137, -5*o + 65336 + 429 = -5*s. Is o prime?
False
Let i(b) = -52*b**3 + 2*b**2 + 2*b + 1. Let l be (-1 - 0) + 10/5. Suppose -2*o = 1 + l. Is i(o) a composite number?
False
Let h be (-12)/(-20)*-1*-5. Suppose 7*f = h*f + 1028. Is f composite?
False
Is ((-7577)/2 + 27/54)/(-2) composite?
True
Let f be 5*(2 - (-24)/(-15)). Let k = 5 + f. Suppose -k = i - 90. Is i composite?
False
Let u(z) = z**3 + 4*z**2 - 7*z - 7. Let s be u(-5). Suppose 0 = 2*c - 2, -q + c + 2163 = s*q. Is q prime?
True
Let p = 1780 + -294. Is p a composite number?
True
Let i be (-238)/6 + (-6)/(-9). Let n be (111/(-2))/(i/260). Is ((-2)/(-4))/(5/n) a composite number?
False
Suppose -4*w = 4*a + 17860, -8927 = 2*a - 2*w + 5*w. Let b = 10627 + a. Is b/21 + (-12)/42 composite?
False
Suppose -3*t + 2 = 4*n - 6*n, 2*n = -4*t + 26. Let m be 2/2*10/1. Suppose 0 = m*k - n*k - 65. Is k composite?
False
Let v = 22 - 18. Suppose 0 = f + v*n - 501, f + 1014 = 3*f + 5*n. Suppose f = i + 38. Is i a prime number?
True
Let p be (-8 + 0)/(6/(-33)). Suppose -p = -h + 53. Is h a composite number?
False
Is -9*(-6)/216 + (-10390)/(-8) a prime number?
False
Let y(g) = 9*g + 6. Let l = -16 - -20. Suppose -3*k + 20 = w, 5*w - 5 = l*k - 0*k. Is y(w) composite?
True
Let b(z) = -2500*z + 123. Is b(-4) a composite number?
True
Let j(q) = 4*q**2 - 3*q. Let p be j(3). Let h be 18/p + (-632)/(-6). Suppose 12*r = 14*r - h. Is r a prime number?
True
Let z(b) = -3*b**2 - b. Let h be z(-1). Let o be h - 1/(4/20). Is 6/42 + (-1000)/o prime?
False
Suppose -2162 = -2*s - 0*s. Let m = -744 + s. Is m a prime number?
True
Suppose 4*b - 41962 - 73170 = 0. Is b prime?
False
Suppose -55 = -5*w + 160. Let y(r) = -31 + 23 - w*r + 10*r. Is y(-3) a composite number?
True
Let c = 8260 + 580. Let x = c + -5047. Is x composite?
False
Suppose 2*b - 2*z - 24978 = 0, -b = z - 5*z - 12483. Is b composite?
False
Let c(h) be the third derivative of h**6/120 + h**5/10 - h**4/4 + 2*h**3/3 - 5*h**2. Let i be c(-7). Is (2 - (i + 3)) + 113 a prime number?
False
Let g = -210 + 489. Let s = -183 + 305. Let y = g - s. Is y prime?
True
Let p(v) = 12821*v**2 + 60*v + 60. Is p(-1) a prime number?
True
Let z(l) = 2584*l + 637. Is z(4) composite?
False
Let p(m) = 46*m - 335. Is p(28) a prime number?
True
Suppose 0 = -o - o. Suppose m - 5*m = o. Suppose m*d - 419 = -2*d - 5*j, 865 = 4*d + j. Is d a prime number?
False
Suppose 0 = -v - 3*q + 19, -v - 4*q = -10 - 11. Let o = -14 + v. Is (-332)/(-1) - (-3)/o a prime number?
False
Is 10/(-3) - 20/12 - -18418 prime?
True
Suppose 5*x + 2*y - 27 = 2, -y = -2. Suppose 368 = -x*a + 4183. Is a a composite number?
True
Let l(p) = 3076*p - 29. Is l(27) prime?
True
Suppose -5*t + 2*t = -4*g + 3449, -5*g + 4310 = -4*t. Suppose 0 = -v - 3*z + 1284, 4*v - 1296 = 3*v + z. Let u = v - g. Is u composite?
True
Let b(r) = 13*r**3 + 2*r**2 + r + 1. Suppose -5*y = -2*y - 33. Let f = -8 + y. Is b(f) a composite number?
False
Is (-809166)/(-10) + (-4)/(-10) prime?
True
Let z = -23 - -29. Suppose 2*d - z = 0, -4*j = -2*j - d - 467. Is j composite?
True
Let y(u) = u - 1. Let g be y(-1). Is 0 - (g + -2) - -517 composite?
False
Is (-25)/(-15)*(-1574 - -5)/(-1) prime?
False
Let g = 10489 - 4152. Is g a prime number?
True
Suppose -4*v = 5*t - 2*v - 19069, -4*t - 5*v = -15262. Is (-15)/20 - (-2 - t/12) composite?
True
Suppose -j = -2*j + 2. Suppose 0*s = j*s + 28. Let i(v) = -2*v + 3. Is i(s) composite?
False
Let c = -11 - 36. Let p(d) = -d**3 - 9*d**2 + 2*d - 8. Let h be p(-9). Let z = h - c. Is z prime?
False
Let w = -926 + 4039. Is w prime?
False
Suppose 13 = 2*b - 2*q + 5*q, 0 = b - 3*q + 16. Let u be 3 + 12/(3/b). Is ((-5)/u)/((-3)/(-123)) composite?
True
Let n(b) = 2*b - 6. Let u be n(-6). Let q = -36 + -597. Is (q/9)/(6/u) composite?
False
Let n be 15*(11/(-3) - -3). Let z be 10/4 + 5/n